{"id":14343,"date":"2022-10-01T12:03:00","date_gmt":"2022-10-01T10:03:00","guid":{"rendered":"https:\/\/chrislencou-reflexologie.com\/?page_id=14343"},"modified":"2026-03-22T16:12:10","modified_gmt":"2026-03-22T15:12:10","slug":"carte-cadeau","status":"publish","type":"page","link":"https:\/\/chrislencou-reflexologie.com\/index.php\/carte-cadeau\/","title":{"rendered":"Carte cadeau"},"content":{"rendered":"<div id=\"cmsmasters_row_7wbw4vxgzn\" class=\"cmsmasters_row cmsmasters_color_scheme_default cmsmasters_row_top_default cmsmasters_row_bot_default cmsmasters_row_boxed\">\n<div class=\"cmsmasters_row_outer_parent\">\n<div class=\"cmsmasters_row_outer\">\n<div class=\"cmsmasters_row_inner\">\n<div class=\"cmsmasters_row_margin\">\n<div id=\"cmsmasters_column_lffdbvvws\" class=\"cmsmasters_column one_first\">\n<div class=\"cmsmasters_column_inner\"><\/div><\/div>\n<\/div>\n<\/div>\n<\/div>\n<\/div>\n<\/div>\n<div id=\"cmsmasters_row_cr8s8kcl1b\" class=\"cmsmasters_row cmsmasters_color_scheme_default cmsmasters_row_top_default cmsmasters_row_bot_default cmsmasters_row_boxed\">\n<div class=\"cmsmasters_row_outer_parent\">\n<div class=\"cmsmasters_row_outer\">\n<div class=\"cmsmasters_row_inner\">\n<div class=\"cmsmasters_row_margin\">\n<div id=\"cmsmasters_column_gb74tuh7uo\" class=\"cmsmasters_column one_first\">\n<div class=\"cmsmasters_column_inner\"><div class=\"cmsmasters_text\">\n<h2 style=\"text-align: center;\" data-ogsc=\"rgb(45, 42, 39)\" data-ogsb=\"rgb(247, 244, 240)\">Offrez une carte cadeau pour faire d\u00e9couvrir<br aria-hidden=\"true\" \/>la r\u00e9flexologie plantaire \u00e0 vos proches !<\/h2>\n<p style=\"text-align: center;\">Une s\u00e9ance de r\u00e9flexologie plantaire apporte une profonde d\u00e9tente physique et mentale.<\/p>\n<\/div>\n<\/div><\/div>\n<\/div>\n<\/div>\n<\/div>\n<\/div>\n<\/div>\n<div id=\"cmsmasters_row_sbn31mhwxt\" class=\"cmsmasters_row cmsmasters_color_scheme_default cmsmasters_row_top_default cmsmasters_row_bot_default cmsmasters_row_boxed\">\n<div class=\"cmsmasters_row_outer_parent\">\n<div class=\"cmsmasters_row_outer\">\n<div class=\"cmsmasters_row_inner\">\n<div class=\"cmsmasters_row_margin\">\n<div id=\"cmsmasters_column_0jwce7x6k\" class=\"cmsmasters_column one_half\">\n<div class=\"cmsmasters_column_inner\"><div class=\"cmsmasters_text\">\n<h2>Carte cadeau<\/h2>\n<p>Envoi par email de la carte cadeau \u00e0 imprimer chez vous.<\/p>\n<p><strong>70,00\u20ac<\/strong><\/p>\n<p><strong>Dur\u00e9e\u00a0<\/strong>: 1h<br \/>\n<strong>Date et lie<\/strong>u :\u00a0\u00a0le b\u00e9n\u00e9ficiaire n\u2019aura plus qu\u2019\u00e0 prendre rendez-vous \u00e0 la date et \u00e0 l\u2019heure qui lui conviendra.<br \/>\n<strong>Dur\u00e9e de validit\u00e9<\/strong>\u00a0: 6 mois<\/p>\n<p><strong>Votre commande se d\u00e9roule en 2 \u00e9tapes :<\/strong><\/p>\n<p><strong>Etape 1 :<\/strong> Veuillez compl\u00e9ter le formulaire ci-dessous.<\/p>\n<div role=\"form\" class=\"wpcf7\" id=\"wpcf7-f14362-o1\" lang=\"fr-FR\" dir=\"ltr\">\n<div class=\"screen-reader-response\"><p role=\"status\" aria-live=\"polite\" aria-atomic=\"true\"><\/p> <ul><\/ul><\/div>\n<form action=\"\/index.php\/wp-json\/wp\/v2\/pages\/14343#wpcf7-f14362-o1\" method=\"post\" class=\"wpcf7-form init\" novalidate=\"novalidate\" data-status=\"init\">\n<div style=\"display: none;\">\n<input type=\"hidden\" name=\"_wpcf7\" value=\"14362\" \/>\n<input type=\"hidden\" name=\"_wpcf7_version\" value=\"5.4.2\" \/>\n<input type=\"hidden\" name=\"_wpcf7_locale\" value=\"fr_FR\" \/>\n<input type=\"hidden\" name=\"_wpcf7_unit_tag\" value=\"wpcf7-f14362-o1\" \/>\n<input type=\"hidden\" name=\"_wpcf7_container_post\" value=\"0\" \/>\n<input type=\"hidden\" name=\"_wpcf7_posted_data_hash\" value=\"\" \/>\n<input type=\"hidden\" name=\"_wpcf7_recaptcha_response\" value=\"\" \/>\n<\/div>\n<p><label> Pr\u00e9nom et Nom de l'acheteur*<br \/>\n    <span class=\"wpcf7-form-control-wrap nom-acheteur\"><input type=\"text\" name=\"nom-acheteur\" value=\"\" size=\"40\" class=\"wpcf7-form-control wpcf7-text wpcf7-validates-as-required\" aria-required=\"true\" aria-invalid=\"false\" \/><\/span> <\/label><\/p>\n<p><label> Votre e-mail*<br \/>\n    <span class=\"wpcf7-form-control-wrap email\"><input type=\"email\" name=\"email\" value=\"\" size=\"40\" class=\"wpcf7-form-control wpcf7-text wpcf7-email wpcf7-validates-as-required wpcf7-validates-as-email\" aria-required=\"true\" aria-invalid=\"false\" \/><\/span> <\/label><\/p>\n<p><label> Votre t\u00e9l\u00e9phone*<br \/>\n    <span class=\"wpcf7-form-control-wrap telephone\"><input type=\"text\" name=\"telephone\" value=\"\" size=\"40\" class=\"wpcf7-form-control wpcf7-text wpcf7-validates-as-required\" aria-required=\"true\" aria-invalid=\"false\" \/><\/span> <\/label><\/p>\n<p><label> Pr\u00e9nom et Nom du b\u00e9n\u00e9ficiaire de la carte cadeau*<br \/>\n    <span class=\"wpcf7-form-control-wrap nom-sur-carte\"><input type=\"text\" name=\"nom-sur-carte\" value=\"\" size=\"40\" class=\"wpcf7-form-control wpcf7-text wpcf7-validates-as-required\" aria-required=\"true\" aria-invalid=\"false\" \/><\/span> <\/label><\/p>\n<p>* Champs obligatoires<\/p>\n<p><input type=\"submit\" value=\"Envoyer\" class=\"wpcf7-form-control wpcf7-submit\" \/><\/p>\n<div class=\"wpcf7-response-output\" aria-hidden=\"true\"><\/div><\/form><\/div>\n<p>&nbsp;<\/p>\n<p><strong>Etape 2 :<\/strong> Cliquer sur le bouton Commander et proc\u00e9dez au r\u00e8glement.<\/p>\n<\/div>\n<div id=\"cmsmasters_button_8oqxup5qg\" class=\"button_wrap\"><a href=\"#\" class=\"cmsmasters_button\" target=\"_blank\"><span>Temporairement d\u00e9sactiv\u00e9 (me contacter)<\/span><\/a><\/div>\n<\/div><\/div>\n<div id=\"cmsmasters_column_y4z9felml3\" class=\"cmsmasters_column one_half\">\n<div class=\"cmsmasters_column_inner\"><div class=\"aligncenter\"><div class=\"cmsmasters_img  cmsmasters_image_c with_caption\"><img src=\"https:\/\/chrislencou-reflexologie.com\/wp-content\/uploads\/2025\/08\/CARTE-CADEAU-REFLEXO-A-IMPRIMER.jpg\" alt=\"CARTE CADEAU REFLEXO A IMPRIMER\" \/><p class=\"cmsmasters_img_caption\">Carte cadeau r\u00e9flexologie plantaire<\/p><\/div><\/div>\n<\/div><\/div>\n<\/div>\n<\/div>\n<\/div>\n<\/div>\n<\/div>\n\n","protected":false},"excerpt":{"rendered":"","protected":false},"author":1,"featured_media":0,"parent":0,"menu_order":0,"comment_status":"closed","ping_status":"closed","template":"","meta":[],"yoast_head":"<!-- This site is optimized with the Yoast SEO plugin v17.1 - https:\/\/yoast.com\/wordpress\/plugins\/seo\/ -->\n<title>Carte cadeau : Faites d\u00e9couvrir la r\u00e9flexologie plantaire \u00e0 vos proches !<\/title>\n<meta name=\"description\" content=\"En quelques clics, commandez une carte cadeau format num\u00e9rique pour faire d\u00e9couvrir la r\u00e9flexologie plantaire \u00e0 vos proches\" \/>\n<meta name=\"robots\" content=\"index, follow, max-snippet:-1, max-image-preview:large, max-video-preview:-1\" \/>\n<link rel=\"canonical\" href=\"https:\/\/chrislencou-reflexologie.com\/index.php\/carte-cadeau\/\" \/>\n<meta property=\"og:locale\" content=\"fr_FR\" \/>\n<meta property=\"og:type\" content=\"article\" \/>\n<meta property=\"og:title\" content=\"Carte cadeau : Faites d\u00e9couvrir la r\u00e9flexologie plantaire \u00e0 vos proches !\" \/>\n<meta property=\"og:description\" content=\"En quelques clics, commandez une carte cadeau format num\u00e9rique pour faire d\u00e9couvrir la r\u00e9flexologie plantaire \u00e0 vos proches\" \/>\n<meta property=\"og:url\" content=\"https:\/\/chrislencou-reflexologie.com\/index.php\/carte-cadeau\/\" \/>\n<meta property=\"og:site_name\" content=\"R\u00e9flexologue\" \/>\n<meta property=\"article:modified_time\" content=\"2026-03-22T15:12:10+00:00\" \/>\n<meta name=\"twitter:card\" content=\"summary_large_image\" \/>\n<meta name=\"twitter:label1\" content=\"Dur\u00e9e de lecture est.\" \/>\n\t<meta name=\"twitter:data1\" content=\"3 minutes\" \/>\n<script type=\"application\/ld+json\" class=\"yoast-schema-graph\">{\"@context\":\"https:\/\/schema.org\",\"@graph\":[{\"@type\":\"WebSite\",\"@id\":\"https:\/\/chrislencou-reflexologie.com\/#website\",\"url\":\"https:\/\/chrislencou-reflexologie.com\/\",\"name\":\"R\\u00e9flexologue\",\"description\":\"Christelle Lencou\",\"potentialAction\":[{\"@type\":\"SearchAction\",\"target\":{\"@type\":\"EntryPoint\",\"urlTemplate\":\"https:\/\/chrislencou-reflexologie.com\/?s={search_term_string}\"},\"query-input\":\"required name=search_term_string\"}],\"inLanguage\":\"fr-FR\"},{\"@type\":\"WebPage\",\"@id\":\"https:\/\/chrislencou-reflexologie.com\/index.php\/carte-cadeau\/#webpage\",\"url\":\"https:\/\/chrislencou-reflexologie.com\/index.php\/carte-cadeau\/\",\"name\":\"Carte cadeau : Faites d\\u00e9couvrir la r\\u00e9flexologie plantaire \\u00e0 vos proches !\",\"isPartOf\":{\"@id\":\"https:\/\/chrislencou-reflexologie.com\/#website\"},\"datePublished\":\"2022-10-01T10:03:00+00:00\",\"dateModified\":\"2026-03-22T15:12:10+00:00\",\"description\":\"En quelques clics, commandez une carte cadeau format num\\u00e9rique pour faire d\\u00e9couvrir la r\\u00e9flexologie plantaire \\u00e0 vos proches\",\"breadcrumb\":{\"@id\":\"https:\/\/chrislencou-reflexologie.com\/index.php\/carte-cadeau\/#breadcrumb\"},\"inLanguage\":\"fr-FR\",\"potentialAction\":[{\"@type\":\"ReadAction\",\"target\":[\"https:\/\/chrislencou-reflexologie.com\/index.php\/carte-cadeau\/\"]}]},{\"@type\":\"BreadcrumbList\",\"@id\":\"https:\/\/chrislencou-reflexologie.com\/index.php\/carte-cadeau\/#breadcrumb\",\"itemListElement\":[{\"@type\":\"ListItem\",\"position\":1,\"name\":\"Accueil\",\"item\":\"https:\/\/chrislencou-reflexologie.com\/\"},{\"@type\":\"ListItem\",\"position\":2,\"name\":\"Carte cadeau\"}]}]}<\/script>\n<!-- \/ Yoast SEO plugin. -->","yoast_head_json":{"title":"Carte cadeau : Faites d\u00e9couvrir la r\u00e9flexologie plantaire \u00e0 vos proches !","description":"En quelques clics, commandez une carte cadeau format num\u00e9rique pour faire d\u00e9couvrir la r\u00e9flexologie plantaire \u00e0 vos proches","robots":{"index":"index","follow":"follow","max-snippet":"max-snippet:-1","max-image-preview":"max-image-preview:large","max-video-preview":"max-video-preview:-1"},"canonical":"https:\/\/chrislencou-reflexologie.com\/index.php\/carte-cadeau\/","og_locale":"fr_FR","og_type":"article","og_title":"Carte cadeau : Faites d\u00e9couvrir la r\u00e9flexologie plantaire \u00e0 vos proches !","og_description":"En quelques clics, commandez une carte cadeau format num\u00e9rique pour faire d\u00e9couvrir la r\u00e9flexologie plantaire \u00e0 vos proches","og_url":"https:\/\/chrislencou-reflexologie.com\/index.php\/carte-cadeau\/","og_site_name":"R\u00e9flexologue","article_modified_time":"2026-03-22T15:12:10+00:00","twitter_card":"summary_large_image","twitter_misc":{"Dur\u00e9e de lecture est.":"3 minutes"},"schema":{"@context":"https:\/\/schema.org","@graph":[{"@type":"WebSite","@id":"https:\/\/chrislencou-reflexologie.com\/#website","url":"https:\/\/chrislencou-reflexologie.com\/","name":"R\u00e9flexologue","description":"Christelle Lencou","potentialAction":[{"@type":"SearchAction","target":{"@type":"EntryPoint","urlTemplate":"https:\/\/chrislencou-reflexologie.com\/?s={search_term_string}"},"query-input":"required name=search_term_string"}],"inLanguage":"fr-FR"},{"@type":"WebPage","@id":"https:\/\/chrislencou-reflexologie.com\/index.php\/carte-cadeau\/#webpage","url":"https:\/\/chrislencou-reflexologie.com\/index.php\/carte-cadeau\/","name":"Carte cadeau : Faites d\u00e9couvrir la r\u00e9flexologie plantaire \u00e0 vos proches !","isPartOf":{"@id":"https:\/\/chrislencou-reflexologie.com\/#website"},"datePublished":"2022-10-01T10:03:00+00:00","dateModified":"2026-03-22T15:12:10+00:00","description":"En quelques clics, commandez une carte cadeau format num\u00e9rique pour faire d\u00e9couvrir la r\u00e9flexologie plantaire \u00e0 vos proches","breadcrumb":{"@id":"https:\/\/chrislencou-reflexologie.com\/index.php\/carte-cadeau\/#breadcrumb"},"inLanguage":"fr-FR","potentialAction":[{"@type":"ReadAction","target":["https:\/\/chrislencou-reflexologie.com\/index.php\/carte-cadeau\/"]}]},{"@type":"BreadcrumbList","@id":"https:\/\/chrislencou-reflexologie.com\/index.php\/carte-cadeau\/#breadcrumb","itemListElement":[{"@type":"ListItem","position":1,"name":"Accueil","item":"https:\/\/chrislencou-reflexologie.com\/"},{"@type":"ListItem","position":2,"name":"Carte cadeau"}]}]}},"_links":{"self":[{"href":"https:\/\/chrislencou-reflexologie.com\/index.php\/wp-json\/wp\/v2\/pages\/14343"}],"collection":[{"href":"https:\/\/chrislencou-reflexologie.com\/index.php\/wp-json\/wp\/v2\/pages"}],"about":[{"href":"https:\/\/chrislencou-reflexologie.com\/index.php\/wp-json\/wp\/v2\/types\/page"}],"author":[{"embeddable":true,"href":"https:\/\/chrislencou-reflexologie.com\/index.php\/wp-json\/wp\/v2\/users\/1"}],"replies":[{"embeddable":true,"href":"https:\/\/chrislencou-reflexologie.com\/index.php\/wp-json\/wp\/v2\/comments?post=14343"}],"version-history":[{"count":42,"href":"https:\/\/chrislencou-reflexologie.com\/index.php\/wp-json\/wp\/v2\/pages\/14343\/revisions"}],"predecessor-version":[{"id":14923,"href":"https:\/\/chrislencou-reflexologie.com\/index.php\/wp-json\/wp\/v2\/pages\/14343\/revisions\/14923"}],"wp:attachment":[{"href":"https:\/\/chrislencou-reflexologie.com\/index.php\/wp-json\/wp\/v2\/media?parent=14343"}],"curies":[{"name":"wp","href":"https:\/\/api.w.org\/{rel}","templated":true}]}}