{"id":14931,"date":"2026-04-18T10:21:02","date_gmt":"2026-04-18T08:21:02","guid":{"rendered":"https:\/\/chrislencou-reflexologie.com\/?page_id=14931"},"modified":"2026-04-18T10:23:44","modified_gmt":"2026-04-18T08:23:44","slug":"mentions-legales","status":"publish","type":"page","link":"https:\/\/chrislencou-reflexologie.com\/index.php\/mentions-legales\/","title":{"rendered":"Mentions l\u00e9gales et Politique de Confidentialit\u00e9"},"content":{"rendered":"<div id=\"cmsmasters_row_7wbw4vxgzn\" class=\"cmsmasters_row cmsmasters_color_scheme_default cmsmasters_row_top_default cmsmasters_row_bot_default cmsmasters_row_boxed\">\n<div class=\"cmsmasters_row_outer_parent\">\n<div class=\"cmsmasters_row_outer\">\n<div class=\"cmsmasters_row_inner\">\n<div class=\"cmsmasters_row_margin\">\n<div id=\"cmsmasters_column_lffdbvvws\" class=\"cmsmasters_column one_first\">\n<div class=\"cmsmasters_column_inner\"><\/div><\/div>\n<\/div>\n<\/div>\n<\/div>\n<\/div>\n<\/div>\n<div id=\"cmsmasters_row_cr8s8kcl1b\" class=\"cmsmasters_row cmsmasters_color_scheme_default cmsmasters_row_top_default cmsmasters_row_bot_default cmsmasters_row_boxed\">\n<div class=\"cmsmasters_row_outer_parent\">\n<div class=\"cmsmasters_row_outer\">\n<div class=\"cmsmasters_row_inner\">\n<div class=\"cmsmasters_row_margin\">\n<div id=\"cmsmasters_column_gb74tuh7uo\" class=\"cmsmasters_column one_first\">\n<div class=\"cmsmasters_column_inner\"><div class=\"cmsmasters_text\">\n<h1>Mentions l\u00e9gales et Politique de Confidentialit\u00e9<\/h1>\n<p>L\u2019utilisation du site web https:\/\/chrislencou-reflexologie.com implique l\u2019acceptation pleine et enti\u00e8re des mentions l\u00e9gales mentionn\u00e9es ci-apr\u00e8s.<\/p>\n<p>&nbsp;<\/p>\n<p><strong>I \u2013 D\u00e9nomination sociale<\/strong><\/p>\n<p>LENCOU CHRISTELLE \u2013 REIFLEOXOLOGIE 89896614800014 11 avenue d\u2019Estienne d\u2019Orves. 91260 Juvisy-sur-0rge 06 95 51 32 \/ christellelencou@gmail.com Christelle Lencou : directeur de publication et qualit\u00e9<\/p>\n<p>&nbsp;<\/p>\n<p><strong>II \u2013 Informations \u00e9ditoriales<\/strong><\/p>\n<p>Le Site Internet et plus pr\u00e9cis\u00e9ment l\u2019\u00e9dition du Site web est assur\u00e9e par<\/p>\n<p>LENCOU CHRISTELLE \u2013 REIFLEOXOLOGIE 89896614800014 11 avenue d\u2019Estienne d\u2019Orves. 91260 Juvisy-sur-0rge 06 95 51 32 \/ christellelencou@gmail.com Pour toute demande relative aux mentions l\u00e9gales, il est possible d\u2019adresser un courrier \u00e0 l\u2019\u00c9diteur par voie \u00e9lectronique christellelencou@gmail.com ou par voie postale \u00e0 l\u2019adresse suivante : 11 avenue d\u2019Estienne d\u2019Orves. 91260 Juvisy-sur-Orge.<\/p>\n<p>Concernant vos donn\u00e9es personnelles, le D\u00e9l\u00e9gu\u00e9 \u00e0 la protection des donn\u00e9es (DPO) est Christelle LENCOU joignable \u00e0 l\u2019adresse \u00e9lectronique christellelencou@gmail.com ou par courrier en pr\u00e9cisant \u00ab \u00c0 destination du D\u00e9l\u00e9gu\u00e9 \u00e0 la Protection des Donn\u00e9es \u00bb LENCOU Christelle \u00e0 l\u2019adresse suivante : 11 avenue d\u2019Estienne d\u2019Orves. 91260 Juvisy-sur-Orge.<\/p>\n<p>&nbsp;<\/p>\n<p><strong>III \u2013 H\u00e9bergement<\/strong><\/p>\n<p>Le Site web https:\/\/chrislencou-reflexologie.com est h\u00e9berg\u00e9 par la soci\u00e9t\u00e9 SAS OVH &#8211; https:\/\/www.ovh.com\/ 2 rue Kellermann. BP 80157. 59100 Roubaix<\/p>\n<p>&nbsp;<\/p>\n<p><strong>IV\u2013 Accessibilit\u00e9 du site web<\/strong><\/p>\n<p>Le Site web est g\u00e9n\u00e9ralement disponible en continu, 24h\/24 et 7j\/7 sauf pour des p\u00e9riodes de maintenance planifi\u00e9es ou en cas de circonstances impr\u00e9visibles et ind\u00e9pendantes du contr\u00f4le de l\u2019\u00c9diteur.<\/p>\n<p>Dans les situations o\u00f9 le site ne serait pas accessible, l&rsquo;\u00e9diteur ne peut, en principe, pas \u00eatre tenu responsable des \u00e9ventuels d\u00e9sagr\u00e9ments ou perturbations caus\u00e9s aux utilisateurs.<\/p>\n<p>&nbsp;<\/p>\n<p><strong>V \u2013 Utilisation des informations contenues sur le site<\/strong><\/p>\n<p>L\u2019\u00c9diteur se r\u00e9serve le droit de modifier, supprimer ou mettre \u00e0 jour \u00e0 tout moment les informations contenues sur le site sans pr\u00e9avis.<\/p>\n<p>L\u2019\u00c9diteur s&rsquo;efforce de fournir des informations exactes et \u00e0 jour sur le site, mais ne peut garantir ni l&rsquo;exhaustivit\u00e9 ni l&rsquo;exactitude de ces informations. L&rsquo;Utilisateur reconna\u00eet que l&rsquo;utilisation des informations pr\u00e9sentes sur le site se fait \u00e0 ses propres risques et p\u00e9rils. L\u2019\u00c9diteur d\u00e9cline toute responsabilit\u00e9 en cas d&rsquo;inexactitude, d&rsquo;omission ou d&rsquo;erreur dans les informations fournies.<\/p>\n<p>&nbsp;<\/p>\n<p>L\u2019acc\u00e8s au site est r\u00e9serv\u00e9 \u00e0 un usage personnel. Toute utilisation \u00e0 des fins commerciales, publicitaires ou illicites est interdite sans autorisation de l\u2019\u00e9ditrice.<\/p>\n<p>&nbsp;<\/p>\n<p><strong>VI \u2013 Utilisation de cookies<\/strong><\/p>\n<p>1. Fonctionnement des cookies<\/p>\n<p>Le site web https:\/\/chrislencou-reflexologie.com utilise des cookies. Les cookies permettent d\u2019assurer le bon fonctionnement du site, am\u00e9liorer l\u2019exp\u00e9rience utilisateur, et analyser la fr\u00e9quentation (statistiques).<\/p>\n<p>&nbsp;<\/p>\n<p>2. Choix de l\u2019Utilisateur<\/p>\n<p>L\u2019Utilisateur peut choisir \u00e0 tout moment de d\u00e9sactiver ou de supprimer les cookies.<\/p>\n<p>Il demeure donc libre de modifier ses pr\u00e9f\u00e9rences en se rendant directement dans les param\u00e8tres de son navigateur internet. Pour en savoir plus : CNIL \u2013 Cookies et traceurs<\/p>\n<p>&nbsp;<\/p>\n<p><strong>VII &#8211; Politique de confidentialit\u00e9<\/strong><\/p>\n<p>En naviguant sur le site https:\/\/chrislencou-reflexologie.com, vous acceptez la politique de confidentialit\u00e9 d\u00e9crite ci-dessous.<\/p>\n<p>&nbsp;<\/p>\n<p>Protection des donn\u00e9es<\/p>\n<p>Seules les donn\u00e9es n\u00e9cessaires \u00e0 l\u2019activit\u00e9 de Christelle LENCOU sont collect\u00e9es.<\/p>\n<p>\u00b7 Les donn\u00e9es collect\u00e9es automatiquement<\/p>\n<p>Vos donn\u00e9es de connexion sont collect\u00e9es via des cookies et des outils de mesure d\u2019audience. Ces donn\u00e9es sont utilis\u00e9es pour am\u00e9liorer la navigation, assurer la s\u00e9curit\u00e9 du site, am\u00e9liorer votre exp\u00e9rience utilisateur sur le site.<\/p>\n<p>\u00b7 Les donn\u00e9es que vous transmettez directement<\/p>\n<p>Les donn\u00e9es transmises lorsque vous remplissez un formulaire de contact, posez une question, prenez un rendez-vous, achetez une carte cadeau. Elles sont utilis\u00e9es uniquement pour r\u00e9pondre aux demandes de contact.<\/p>\n<p>Les donn\u00e9es sont conserv\u00e9es uniquement le temps n\u00e9cessaire aux finalit\u00e9s pr\u00e9vues et ne sont jamais revendues.<\/p>\n<p>&nbsp;<\/p>\n<p><strong>Droits des utilisateurs (RGPD)<\/strong><\/p>\n<p>Le site internet collecte et traite les donn\u00e9es personnelles de l\u2019Utilisateur dans le respect de la vie priv\u00e9e conform\u00e9ment \u00e0 la Loi Informatique et Libert\u00e9s et conform\u00e9ment au RGPD entr\u00e9 en vigueur le 25 mai 2018. L\u2019Utilisateur dispose des droits suivants :<\/p>\n<p>&#8211; Droit d\u2019acc\u00e8s, de rectification et de suppression,<\/p>\n<p>&#8211; Droit de limitation et d\u2019opposition de ses donn\u00e9es personnelles<\/p>\n<p>Pour exercer vos droits : christellelencou@gmail.com<\/p>\n<p>Adresse postale : 11 avenue d\u2019Estienne d\u2019Orves. 91260 Juvisy-sur-Orge.<\/p>\n<p>&nbsp;<\/p>\n<p><strong>IX\u2013 Copyright<\/strong><\/p>\n<p>Tous les contenus pr\u00e9sents sur ce site internet, tels que textes, images, logos, graphiques, vid\u00e9os, ic\u00f4nes, \u00e9l\u00e9ments audios, ainsi que toute autre cr\u00e9ation ou \u00e9l\u00e9ment original, sont la propri\u00e9t\u00e9 exclusive de la Soci\u00e9t\u00e9 CHRISTELLE LENCOU &#8211; REIFLEXOLOGIE ou de ses partenaires, et sont prot\u00e9g\u00e9s par les lois nationales et internationales sur la propri\u00e9t\u00e9 intellectuelle, notamment les droits d&rsquo;auteur, les droits voisins, les marques d\u00e9pos\u00e9es, les brevets et les dessins et mod\u00e8les industriels.<\/p>\n<p>&nbsp;<\/p>\n<p>Par cons\u00e9quent, en application des dispositions l\u00e9gislatives et r\u00e9glementaires, toute reproduction ou repr\u00e9sentation, que celle-ci soit int\u00e9grale ou partielle, du site ou de l\u2019un de ses \u00e9l\u00e9ments, est interdite en l\u2019absence d\u2019autorisation expresse de CHRISTELLE LENCOU \u2013 REIFLEXOLOGIE.<\/p>\n<p>Sauf indication contraire expresse, vous \u00eates autoris\u00e9 \u00e0 acc\u00e9der au contenu de ce site et \u00e0 l&rsquo;afficher sur votre ordinateur, smartphone, tablette ou tout autre appareil \u00e9lectronique, \u00e0 des fins personnelles et non-commerciales. Vous pouvez \u00e9galement imprimer des copies de pages ou de documents \u00e0 titre personnel, pour autant que vous respectiez toutes les mentions de droits d&rsquo;auteur et de propri\u00e9t\u00e9 intellectuelle pr\u00e9sentes dans ces documents.<\/p>\n<p>Toute autre utilisation du contenu de ce site est strictement interdite sans l&rsquo;autorisation \u00e9crite pr\u00e9alable de l\u2019\u00c9diteur. Vous n&rsquo;\u00eates pas autoris\u00e9(e) \u00e0 modifier, copier, reproduire, distribuer, transmettre, afficher, publier, vendre, conc\u00e9der sous licence, cr\u00e9er des \u0153uvres d\u00e9riv\u00e9es ou exploiter de quelque mani\u00e8re que ce soit tout ou partie du contenu de ce site, sauf autorisation expresse accord\u00e9e par CHRISTELLE LENCOU &#8211; REIFLEXOLOGIE<\/p>\n<p>Si vous estimez qu&rsquo;un contenu pr\u00e9sent sur ce site enfreint vos droits de propri\u00e9t\u00e9 intellectuelle ou tout autre droit, veuillez nous contacter \u00e0 l&rsquo;adresse christellelencou@gmail.com avec les informations d\u00e9taill\u00e9es concernant la pr\u00e9tendue violation. Nous examinerons rapidement la r\u00e9clamation et prendrons les mesures appropri\u00e9es si n\u00e9cessaire.<\/p>\n<p>&nbsp;<\/p>\n<p><strong>X \u2013 Date de mise en vigueur et informations compl\u00e9mentaires<\/strong><\/p>\n<p>Les Mentions L\u00e9gales sont applicables depuis le 1er juin 2021.<\/p>\n<p>En utilisant notre site, vous acceptez les termes et conditions de ces Mentions L\u00e9gales. Si vous n&rsquo;acceptez pas ces termes, veuillez ne pas utiliser notre site.<\/p>\n<p>Pour conna\u00eetre l\u2019ensemble des droits applicables \u00e0 l\u2019Utilisateur, il convient de se r\u00e9f\u00e9rer \u00e9galement aux CGV applicables.<\/p>\n<\/div>\n<\/div><\/div>\n<\/div>\n<\/div>\n<\/div>\n<\/div>\n<\/div>\n<div id=\"cmsmasters_row_sbn31mhwxt\" class=\"cmsmasters_row cmsmasters_color_scheme_default cmsmasters_row_top_default cmsmasters_row_bot_default cmsmasters_row_boxed\">\n<div class=\"cmsmasters_row_outer_parent\">\n<div class=\"cmsmasters_row_outer\">\n<div class=\"cmsmasters_row_inner\">\n<div class=\"cmsmasters_row_margin\">\n<div id=\"cmsmasters_column_0jwce7x6k\" class=\"cmsmasters_column one_first\">\n<div class=\"cmsmasters_column_inner\"><div class=\"cmsmasters_text\">\n<p data-ogsc=\"black\"><em>En cas de litige entre le Client et l\u2019entreprise, ceux-ci s\u2019efforceront de le r\u00e9soudre \u00e0 l\u2019amiable (le Client adressera une r\u00e9clamation \u00e9crite aupr\u00e8s du professionnel ou, le cas \u00e9ch\u00e9ant, aupr\u00e8s du Service Relations Client\u00e8le du professionnel).<\/em><\/p>\n<p data-ogsc=\"black\"><em>A d\u00e9faut d\u2019accord amiable ou en l\u2019absence de r\u00e9ponse du professionnel dans un d\u00e9lai raisonnable d\u2019un (1) mois, le Client consommateur au sens de l\u2019article L.133-4 du code de la consommation\u00a0a la possibilit\u00e9 de saisir gratuitement, si un d\u00e9saccord subsiste, le m\u00e9diateur comp\u00e9tent inscrit sur la liste des m\u00e9diateurs \u00e9tablie par la Commission d\u2019\u00e9valuation et de contr\u00f4le de la m\u00e9diation de la consommation en application de l\u2019article L.615-1 du code de la consommation, \u00e0 savoir :<br aria-hidden=\"true\" \/>La Soci\u00e9t\u00e9 M\u00e9diation Professionnelle<br aria-hidden=\"true\" \/><a href=\"http:\/\/www.mediateur-consommation-smp.fr\/\" target=\"_blank\" rel=\"noopener noreferrer\" data-auth=\"NotApplicable\" data-linkindex=\"3\" data-ogsc=\"\">www.mediateur-consommation-smp.fr<\/a><br aria-hidden=\"true\" \/>24 rue Albert de Mun &#8211; 33000 Bordeaux<\/em><\/p>\n<\/div>\n<\/div><\/div>\n<\/div>\n<\/div>\n<\/div>\n<\/div>\n<\/div>\n\n","protected":false},"excerpt":{"rendered":"","protected":false},"author":1,"featured_media":0,"parent":0,"menu_order":0,"comment_status":"closed","ping_status":"closed","template":"","meta":[],"yoast_head":"<!-- This site is optimized with the Yoast SEO plugin v17.1 - https:\/\/yoast.com\/wordpress\/plugins\/seo\/ -->\n<title>Mentions l\u00e9gales et Politique de Confidentialit\u00e9<\/title>\n<meta name=\"description\" content=\"Mentions l\u00e9gales et Politique de Confidentialit\u00e9\" \/>\n<meta name=\"robots\" content=\"index, follow, max-snippet:-1, max-image-preview:large, max-video-preview:-1\" \/>\n<link rel=\"canonical\" href=\"https:\/\/chrislencou-reflexologie.com\/index.php\/mentions-legales\/\" \/>\n<meta property=\"og:locale\" content=\"fr_FR\" \/>\n<meta property=\"og:type\" content=\"article\" \/>\n<meta property=\"og:title\" content=\"Mentions l\u00e9gales et Politique de Confidentialit\u00e9\" \/>\n<meta property=\"og:description\" content=\"Mentions l\u00e9gales et Politique de Confidentialit\u00e9\" \/>\n<meta property=\"og:url\" content=\"https:\/\/chrislencou-reflexologie.com\/index.php\/mentions-legales\/\" \/>\n<meta property=\"og:site_name\" content=\"R\u00e9flexologue\" \/>\n<meta property=\"article:modified_time\" content=\"2026-04-18T08:23:44+00:00\" \/>\n<meta name=\"twitter:card\" content=\"summary_large_image\" \/>\n<meta name=\"twitter:label1\" content=\"Dur\u00e9e de lecture est.\" \/>\n\t<meta name=\"twitter:data1\" content=\"9 minutes\" \/>\n<script type=\"application\/ld+json\" class=\"yoast-schema-graph\">{\"@context\":\"https:\/\/schema.org\",\"@graph\":[{\"@type\":\"WebSite\",\"@id\":\"https:\/\/chrislencou-reflexologie.com\/#website\",\"url\":\"https:\/\/chrislencou-reflexologie.com\/\",\"name\":\"R\\u00e9flexologue\",\"description\":\"Christelle Lencou\",\"potentialAction\":[{\"@type\":\"SearchAction\",\"target\":{\"@type\":\"EntryPoint\",\"urlTemplate\":\"https:\/\/chrislencou-reflexologie.com\/?s={search_term_string}\"},\"query-input\":\"required name=search_term_string\"}],\"inLanguage\":\"fr-FR\"},{\"@type\":\"WebPage\",\"@id\":\"https:\/\/chrislencou-reflexologie.com\/index.php\/mentions-legales\/#webpage\",\"url\":\"https:\/\/chrislencou-reflexologie.com\/index.php\/mentions-legales\/\",\"name\":\"Mentions l\\u00e9gales et Politique de Confidentialit\\u00e9\",\"isPartOf\":{\"@id\":\"https:\/\/chrislencou-reflexologie.com\/#website\"},\"datePublished\":\"2026-04-18T08:21:02+00:00\",\"dateModified\":\"2026-04-18T08:23:44+00:00\",\"description\":\"Mentions l\\u00e9gales et Politique de Confidentialit\\u00e9\",\"breadcrumb\":{\"@id\":\"https:\/\/chrislencou-reflexologie.com\/index.php\/mentions-legales\/#breadcrumb\"},\"inLanguage\":\"fr-FR\",\"potentialAction\":[{\"@type\":\"ReadAction\",\"target\":[\"https:\/\/chrislencou-reflexologie.com\/index.php\/mentions-legales\/\"]}]},{\"@type\":\"BreadcrumbList\",\"@id\":\"https:\/\/chrislencou-reflexologie.com\/index.php\/mentions-legales\/#breadcrumb\",\"itemListElement\":[{\"@type\":\"ListItem\",\"position\":1,\"name\":\"Accueil\",\"item\":\"https:\/\/chrislencou-reflexologie.com\/\"},{\"@type\":\"ListItem\",\"position\":2,\"name\":\"Mentions l\\u00e9gales et Politique de Confidentialit\\u00e9\"}]}]}<\/script>\n<!-- \/ Yoast SEO plugin. -->","yoast_head_json":{"title":"Mentions l\u00e9gales et Politique de Confidentialit\u00e9","description":"Mentions l\u00e9gales et Politique de Confidentialit\u00e9","robots":{"index":"index","follow":"follow","max-snippet":"max-snippet:-1","max-image-preview":"max-image-preview:large","max-video-preview":"max-video-preview:-1"},"canonical":"https:\/\/chrislencou-reflexologie.com\/index.php\/mentions-legales\/","og_locale":"fr_FR","og_type":"article","og_title":"Mentions l\u00e9gales et Politique de Confidentialit\u00e9","og_description":"Mentions l\u00e9gales et Politique de Confidentialit\u00e9","og_url":"https:\/\/chrislencou-reflexologie.com\/index.php\/mentions-legales\/","og_site_name":"R\u00e9flexologue","article_modified_time":"2026-04-18T08:23:44+00:00","twitter_card":"summary_large_image","twitter_misc":{"Dur\u00e9e de lecture est.":"9 minutes"},"schema":{"@context":"https:\/\/schema.org","@graph":[{"@type":"WebSite","@id":"https:\/\/chrislencou-reflexologie.com\/#website","url":"https:\/\/chrislencou-reflexologie.com\/","name":"R\u00e9flexologue","description":"Christelle Lencou","potentialAction":[{"@type":"SearchAction","target":{"@type":"EntryPoint","urlTemplate":"https:\/\/chrislencou-reflexologie.com\/?s={search_term_string}"},"query-input":"required name=search_term_string"}],"inLanguage":"fr-FR"},{"@type":"WebPage","@id":"https:\/\/chrislencou-reflexologie.com\/index.php\/mentions-legales\/#webpage","url":"https:\/\/chrislencou-reflexologie.com\/index.php\/mentions-legales\/","name":"Mentions l\u00e9gales et Politique de Confidentialit\u00e9","isPartOf":{"@id":"https:\/\/chrislencou-reflexologie.com\/#website"},"datePublished":"2026-04-18T08:21:02+00:00","dateModified":"2026-04-18T08:23:44+00:00","description":"Mentions l\u00e9gales et Politique de Confidentialit\u00e9","breadcrumb":{"@id":"https:\/\/chrislencou-reflexologie.com\/index.php\/mentions-legales\/#breadcrumb"},"inLanguage":"fr-FR","potentialAction":[{"@type":"ReadAction","target":["https:\/\/chrislencou-reflexologie.com\/index.php\/mentions-legales\/"]}]},{"@type":"BreadcrumbList","@id":"https:\/\/chrislencou-reflexologie.com\/index.php\/mentions-legales\/#breadcrumb","itemListElement":[{"@type":"ListItem","position":1,"name":"Accueil","item":"https:\/\/chrislencou-reflexologie.com\/"},{"@type":"ListItem","position":2,"name":"Mentions l\u00e9gales et Politique de Confidentialit\u00e9"}]}]}},"_links":{"self":[{"href":"https:\/\/chrislencou-reflexologie.com\/index.php\/wp-json\/wp\/v2\/pages\/14931"}],"collection":[{"href":"https:\/\/chrislencou-reflexologie.com\/index.php\/wp-json\/wp\/v2\/pages"}],"about":[{"href":"https:\/\/chrislencou-reflexologie.com\/index.php\/wp-json\/wp\/v2\/types\/page"}],"author":[{"embeddable":true,"href":"https:\/\/chrislencou-reflexologie.com\/index.php\/wp-json\/wp\/v2\/users\/1"}],"replies":[{"embeddable":true,"href":"https:\/\/chrislencou-reflexologie.com\/index.php\/wp-json\/wp\/v2\/comments?post=14931"}],"version-history":[{"count":2,"href":"https:\/\/chrislencou-reflexologie.com\/index.php\/wp-json\/wp\/v2\/pages\/14931\/revisions"}],"predecessor-version":[{"id":14933,"href":"https:\/\/chrislencou-reflexologie.com\/index.php\/wp-json\/wp\/v2\/pages\/14931\/revisions\/14933"}],"wp:attachment":[{"href":"https:\/\/chrislencou-reflexologie.com\/index.php\/wp-json\/wp\/v2\/media?parent=14931"}],"curies":[{"name":"wp","href":"https:\/\/api.w.org\/{rel}","templated":true}]}}